34420?
21
Calculate the remainder when 11935896 is divided by 365.
31
Calculate the remainder when 708649 is divided by 4983.
1063
Calculate the remainder when 6257326 is divided by 77.
75
Calculate the remainder when 2804865 is divided by 41247.
69
What is the remainder when 91554249 is divided by 40?
9
Calculate the remainder when 291179 is divided by 3713.
1565
What is the remainder when 266330447 is divided by 2504?
2503
Calculate the remainder when 255233 is divided by 14078.
1829
What is the remainder when 10501704 is divided by 4394?
44
Calculate the remainder when 91402 is divided by 17397.
4417
Calculate the remainder when 596607 is divided by 66267.
204
What is the remainder when 1339077 is divided by 334710?
237
Calculate the remainder when 154041 is divided by 430.
101
Calculate the remainder when 6330509 is divided by 136.
117
Calculate the remainder when 54315016 is divided by 18.
16
What is the remainder when 2305288 is divided by 8117?
60
Calculate the remainder when 13035032 is divided by 1002689.
75
Calculate the remainder when 195797 is divided by 195626.
171
What is the remainder when 94999 is divided by 580?
459
What is the remainder when 454059 is divided by 74?
69
Calculate the remainder when 358293 is divided by 11926.
513
What is the remainder when 35425485 is divided by 41677?
35
Calculate the remainder when 51229727 is divided by 193.
0
Calculate the remainder when 3913756 is divided by 652205.
526
Calculate the remainder when 330598 is divided by 213.
22
What is the remainder when 600212 is divided by 207?
119
Calculate the remainder when 12689595 is divided by 1829.
1822
Calculate the remainder when 10256 is divided by 5035.
186
What is the remainder when 968149 is divided by 621?
10
What is the remainder when 814237 is divided by 162839?
42
Calculate the remainder when 82592300 is divided by 83.
79
Calculate the remainder when 517365 is divided by 8344.
37
Calculate the remainder when 336806409 is divided by 1202.
1201
Calculate the remainder when 21037332 is divided by 779160.
12
What is the remainder when 182195 is divided by 2687?
2166
What is the remainder when 992575 is divided by 248137?
27
What is the remainder when 30090262 is divided by 849?
4
What is the remainder when 4007875 is divided by 540?
535
Calculate the remainder when 8328 is divided by 373.
122
What is the remainder when 183203 is divided by 14278?
11867
Calculate the remainder when 41262 is divided by 3715.
397
Calculate the remainder when 7462972 is divided by 525.
97
Calculate the remainder when 653767 is divided by 137.
3
What is the remainder when 463813707 is divided by 231906848?
11
Calculate the remainder when 49807797 is divided by 1005.
1002
What is the remainder when 45879389 is divided by 200?
189
What is the remainder when 509771 is divided by 2216?
91
What is the remainder when 557061 is divided by 2545?
2251
Calculate the remainder when 3958583 is divided by 15284.
27
What is the remainder when 270880 is divided by 2353?
285
Calculate the remainder when 161759 is divided by 242.
103
What is the remainder when 259402 is divided by 43219?
88
What is the remainder when 607918642 is divided by 1709?
1707
What is the remainder when 244710 is divided by 6467?
5431
Calculate the remainder when 33184 is divided by 32765.
419
What is the remainder when 63429 is divided by 21125?
54
What is the remainder when 5913971 is divided by 1037?
997
Calculate the remainder when 326771167 is divided by 2268.
2263
Calculate the remainder when 91405 is divided by 22797.
217
Calculate the remainder when 2290158 is divided by 1145047.
64
Calculate the remainder when 111723862 is divided by 54.
22
Calculate the remainder when 208838 is divided by 195.
188
What is the remainder when 3384019 is divided by 17?
16
What is the remainder when 4411847 is divided by 5440?
7
What is the remainder when 9711 is divided by 600?
111
Calculate the remainder when 6195998 is divided by 105.
53
Calculate the remainder when 361201 is divided by 120289.
334
Calculate the remainder when 41985 is divided by 4641.
216
Calculate the remainder when 335054 is divided by 1314.
1298
Calculate the remainder when 1015834 is divided by 253807.
606
What is the remainder when 21757184 is divided by 22?
20
Calculate the remainder when 5764 is divided by 326.
222
What is the remainder when 1853689 is divided by 2163?
2161
What is the remainder when 539882 is divided by 1753?
1711
Calculate the remainder when 5908261 is divided by 2954114.
33
What is the remainder when 221262 is divided by 241?
24
What is the remainder when 121395 is divided by 6705?
705
What is the remainder when 791975 is divided by 20718?
4691
What is the remainder when 13812662 is divided by 23?
12
What is the remainder when 399894 is divided by 399013?
881
What is the remainder when 2692597 is divided by 365?
357
Calculate the remainder when 84755806 is divided by 16951155.
31
Calculate the remainder when 1536569 is divided by 405.
404
Calculate the remainder when 127999 is divided by 2360.
559
Calculate the remainder when 14109476 is divided by 72.
68
Calculate the remainder when 1214079 is divided by 1757.
1749
Calculate the remainder when 34975785 is divided by 6995157.
0
Calculate the remainder when 569722 is divided by 2672.
586
Calculate the remainder when 50972656 is divided by 69.
10
Calculate the remainder when 29144 is divided by 9480.
704
Calculate the remainder when 34998519 is divided by 26.
23
What is the remainder when 82027397 is divided by 91?
88
What is the remainder when 7716267 is divided by 418?
405
Calculate the remainder when 1297003 is divided by 58.
7
Calculate the remainder when 1062623 is divided by 265625.
123
What is the remainder when 250330 is divided by 30898?
3146
Calculate the remainder when 8432179 is divided by 120.
19
Calculate the remainder when 102227 is divided by 1437.
200
Calculate the remainder when 8015773 is divided by 13.
12
What is the remainder when 637262 is divided by 127444?
42
What is the remainder when 64614 is divided by 543?
540
What is the remainder when 670607 is divided by 23?
19
What is the remainder when 104532006 is divided by 28?
26
What is the remainder when 17924141 is divided by 29?
24
What is the remainder when 6511028 is divided by 167?
32
What is the remainder when 687276 is divided by 20825?
51
What is the remainder when 8303624 is divided by 537?
530
What is the remainder when 1630412 is divided by 740?
192
Calculate the remainder when 9124959 is divided by 14.
11
Calculate the remainder when 1057055 is divided by 3377.
54
What is the remainder when 29566 is divided by 29101?
465
What is the remainder when 608279 is divided by 768?
23
What is the remainder when 86884 is divided by 28886?
226
What is the remainder when 16579523 is divided by 59?
51
Calculate the remainder when 27552547 is divided by 238.
1
Calculate the remainder when 2882520 is divided by 480415.
30
Calculate the remainder when 22617499 is divided by 1615535.
9
Calculate the remainder when 30103124 is divided by 2576.
2564
What is the remainder when 4528350 is divided by 845?
840
Calculate the remainder when 958276 is divided by 2239.
2223
What is the remainder when 1506840 is divided by 396?
60
What is the remainder when 3513152 is divided by 2882?
2876
Calculate the remainder when 335779 is divided by 1146.
1
Calculate the remainder when 108714261 is divided by 839.
836
What is the remainder when 103373508 is divided by 4698795?
18
Calculate the remainder when 36773969 is divided by 266478.
5
What is the remainder when 18421289 is divided by 33?
29
Calculate the remainder when 364951 is divided by 863.
765
Calculate the remainder when 1320260 is divided by 3136.
4
What is the remainder when 116108472 is divided by 13?
12
Calculate the remainder when 2386720 is divided by 12177.
28
What is the remainder when 2506161 is divided by 2506129?
32
What is the remainder when 1201981 is divided by 600986?
9
Calculate the remainder when 865598 is divided by 25.
23
What is the remainder when 366221 is divided by 183079?
63
What is the remainder when 270247 is divided by 322?
89
Calculate the remainder when 216516 is divided by 10814.
236
What is the remainder when 40971234 is divided 